{"id":14,"date":"2013-02-01T15:50:47","date_gmt":"2013-02-01T15:50:47","guid":{"rendered":"https:\/\/faculty.nipissingu.ca\/johnmk\/?page_id=14"},"modified":"2019-09-27T18:24:37","modified_gmt":"2019-09-27T18:24:37","slug":"publications","status":"publish","type":"page","link":"https:\/\/faculty.nipissingu.ca\/johnmk\/publications\/","title":{"rendered":"Publications"},"content":{"rendered":"<p>* = indicates a former student<\/p>\n<p>Donga, T., Shang, J., Liu, J., Qian, B., Jing, Q., Ma, B., Huffman, T., Geng, X., Sow, A. A., Shi, Y., Canisius, F., Jiao, X., <strong>Kovacs, J.M.<\/strong>, Walters, D., Cable, J. and J. Wilson. (2019) Using RapidEye imagery to identify within-field variability of crop growth and yield in Northeastern Ontario, Canada. <u>Precision <\/u><u>Agriculture<\/u> (doi:10.1007\/s11119-019-09646-w)<\/p>\n<p>Dong, T. Liu, J., Shang, J., Qian, B., Ma, B., <strong>Kovacs, J.M.<\/strong>, Walters, D., Jiao, X., Geng, X., and Y. Shi (2019) Assessment of red-edge vegetation indices for crop leaf area index estimation. <u>Remote Sensing of Environment<\/u> 222: 133-148. (doi:10.1016\/j.rse.2018.12.032)<\/p>\n<p>Flores-de-Santiago, F., <strong>Kovacs, J.M.<\/strong> and F. Flores-Verdugo (2018) Discrimination of three dominant mangrove species from the Pacific coast of\u00a0Mexico by spectroscopy on intact leaves. <u>Ciencias Marinas<\/u> 44:185-202. (doi:10.7773\/cm.v44i3.2806)<\/p>\n<p>Valderrama-Landeros, L., Flores-de-Santiago, F., <strong>Kovacs, J.M.<\/strong> and Flores-Verdugo (2018) An assessment of commonly employed satellite-based Remote sensors for mapping mangrove species in Mexico using a NDVI-based classification scheme. <u>Environmental Monitoring and Assessment<\/u> 190: 1-23. (doi:10.1007\/s10661-017-6399-z)<\/p>\n<p class=\"vv_hanging_indent_noclear\">Wachowiak, M., Walters, D., <strong>Kovacs, J.M.<\/strong>, Wachowiak-Smolikova, R., and A. James (2017) Visual analytics and remote sensing imagery to support community-based research for precision agriculture in emerging areas. <u>Computers and Electronics in Agriculture<\/u><\/p>\n<p class=\"vv_hanging_indent_noclear\">Duke, N.C., <strong>Kovacs, J.M.<\/strong>, Griffiths, A.D., Preece, L., Hill*, D.J.E., van Oosterzee, P., Mackenzie, J., Morning*, H.S., and D. Burrows (2017) Large-scale dieback of mangroves in Australia\u2019s Gulf of Carpentaria: a severe ecosystem response, coincidental with an unusually extreme weather event. <u>Marine and Freshwater Research<\/u> 68: 1816-1829. (doi:10.1071\/MF16322)<\/p>\n<p class=\"vv_hanging_indent_noclear\">Canisius, F., Shang, J., Liu, J., Huang, X., Ma, B., Jiao, X., <strong>Kovacs, J.M.<\/strong> and D. Walters (2017) Tracking crop phenological development using multi-temporal polarimetric Radarsat-2 data. <u>Remote Sensing of Environment<\/u>\u00a0 (doi:10.1016\/j.rse.2017.07.031)<\/p>\n<p class=\"vv_hanging_indent_noclear\">Herath, A., Ma, B.L., Shang, J., Liu, J., Dong, T., Jiao, X., <strong>Kovacs J.M.<\/strong>, and D.\u00a0\u00a0\u00a0\u00a0\u00a0\u00a0\u00a0\u00a0\u00a0\u00a0\u00a0 Walters (2017) On-farm spatial characterization of soil mineral nitrogen, crop growth, and yield of canola as affected by different rates of nitrogen application. <u>Canadian Journal of Soil Science<\/u><\/p>\n<p class=\"vv_hanging_indent_noclear\">Zhang, C., <strong>Kovacs, J.M.<\/strong>, and D. Walters (in press) The use of small unmanned aerial\u00a0 \u00a0 systems (UASs) in precision agriculture. In: <em>Precision Agriculture for<\/em><em>\u00a0 \u00a0 \u00a0 \u00a0 \u00a0 \u00a0 \u00a0 \u00a0 \u00a0 Sustainability<\/em>. Stafford, J. (Ed.) Burleigh Dodds Science Publishing Limited,\u00a0 \u00a0 \u00a0 \u00a0 \u00a0 Cambridge, United Kingdom.<\/p>\n<p class=\"vv_hanging_indent_noclear\">Jarvis, D., Wachowiak, M., Walters, D., and <strong>J.M.<\/strong> <strong>Kovacs<\/strong>\u00a0(2017) Adoption of web-based spatial tools by agricultural producers: Conversations with seven northern Ontario farmers using the GeoVisage decision support system.\u00a0<u>Agriculture<\/u>\u00a07: 69 (1-22) (doi:10.3390\/agriculture7080069)<\/p>\n<p class=\"vv_hanging_indent_noclear\">Jing, Q., Qian, B., Shang, J., Huffman, T., Liu, J., Pattey, E., Dong, T., Tremblay,\u00a0N., Drury, C., Ma, B., Jego, G., Jiao, X., <strong>Kovacs, J.M.<\/strong>, Walters, D. and J. Wang (2017) Assessing the options to improve regional wheat yield in eastern Canada using the CSM-CERES-Wheat model. <u>Agronomy Journal<\/u>\u00a0109:1-14.(doi:10.2134\/agronj2016.06.0364)<\/p>\n<p class=\"vv_hanging_indent_noclear\">Flores-de-Santiago*, F., <strong>Kovacs, J.M.<\/strong>, Wang, J., Flores-Verdugo, F., Zhang, C.,\u00a0and F. Gonz\u00e1lez-Far\u00edas (2016) Examining the influence of seasonality, condition\u00a0and species composition on mangrove leaf pigment contents and laboratory based\u00a0spectroscopy data.\u00a0 <u>Remote Sensing<\/u> 8: 226 (1-20) (doi:10.3390\/rs8030226)<\/p>\n<p class=\"vv_hanging_indent_noclear\">Qi Jing, Jiali Shang, Budong Qian, Gerrit Hoogenboom, Ted Huffman, Jiangui\u00a0Liu, Bao-Luo Ma, Xiaoyuan Geng, Xianfeng Jiao, <strong>John M. Kovacs<\/strong>, and Dan Walters\u00a0(2016) Evaluation of the CSM-CROPGRO-Canola model for simulating canola growth and yield at West Nipissing in Eastern Canada. <u>Agronomy Journal<\/u> 108:1-10. (doi:10.2134\/agronj2015.0401)<\/p>\n<p class=\"vv_hanging_indent_noclear\">Shang, J., Liu, J., Ma, B., Zhao, T., Jiao, X., Geng, X., Huffman, T., <strong>Kovacs,\u00a0<\/strong><strong>J.M.<\/strong>, and D. Walters (2015) Mapping spatial variability of crop growth conditions\u00a0using RapidEye data in Northern Ontario, Canada. <u>Remote Sensing of\u00a0<\/u><u>Environment<\/u> 168: 113-125. (doi:10.1016\/j.rse.2015.06.024)<\/p>\n<p class=\"vv_hanging_indent_noclear\">Zhang, C., <strong>Kovacs, J.M.<\/strong>, Liu, Y., Flores-Verdugo, F. and F. Flores-de-Santiago* (2014) Separating mangrove species and conditions using laboratory hyperspectral data-A case study of a degraded mangrove forest of the Mexican Pacific. <span style=\"text-decoration: underline\">Remote Sensing<\/span> 6: 11673-11688. (doi:10.3390\/rs61211673)<\/p>\n<p class=\"vv_hanging_indent_noclear\">Zhang, C., Walters, D. and <strong>J.M. Kovacs<\/strong> (2014) Applications of low altitude remote sensing in agriculture upon farmers\u2019 requests\u2013 a case study in Northeastern Ontario, Canada. <span style=\"text-decoration: underline\">PLoS ONE<\/span> 9: e112894 (doi:10.1371\/journal.pone.0112894)<\/p>\n<p class=\"vv_hanging_indent_noclear\">Flores-Verdugo, F., Amezcua, F., <strong>Kovacs, J.M.<\/strong>, Serrano, D. and M. Blanco-Correa (2014) Changes in the hydrological regime of coastal lagoons affect mangroves and small scale fisheries: The case of the mangrove-estuarine complex of Marismas Nacionales (Pacific Coast of Mexico). In: <span style=\"text-decoration: underline\">Fisheries Management of <\/span><span style=\"text-decoration: underline\">Mexican and Central American Estuaries<\/span>. Amezcua, F., Bellgraph, B. (Eds.) Springer Science, Deordecht, Netherlands, pp. 81-92. (doi:10.1007\/978-94-017-8917-2_6)<\/p>\n<p class=\"vv_hanging_indent_noclear\">Jiao, X., <strong>Kovacs, J.M.<\/strong>, Shang, J., McNairn, H., Walters, D., Ma, B. and X. Geng (2014) Object-oriented crop mapping and monitoring using multi-temporal polarimetric RADARSAT-2 data. <span style=\"text-decoration: underline\">ISPRS Journal of Photogrammetry and Remote Sensing<br \/>\n<\/span> 96: 38-46. (doi:10.1016\/j.isprsjprs.2014.06.014)<\/p>\n<p class=\"vv_hanging_indent_noclear\">Cable*, J.W.,<strong> Kovacs, J.M.<\/strong>, Shang, J. and X. Jiao (2014) Multi-temporal polarimetric Radarsat-2 for land cover monitoring in northeastern Ontario, Canada. <span style=\"text-decoration: underline\">Remote\u00a0<\/span><span style=\"text-decoration: underline\">Sensing<\/span> 6: 2372-2392. (doi:10.3390\/rs6032372)<\/p>\n<p class=\"vv_hanging_indent_noclear\">Cable*, J.W.,<strong> Kovacs, J.M.<\/strong>, Jiao, X. and J. Shang (2014) Agricultural monitoring in northeastern Ontario, Canada, using multi-temporal polarimetric Radarsat-2 data. <span style=\"text-decoration: underline\">Remote<\/span> <span style=\"text-decoration: underline\">Sensing<\/span> 6: 2343-2371. (doi:10.3390\/rs6032343)<\/p>\n<p class=\"vv_hanging_indent_noclear\">Wilson*, J.H., Zhang, C. and <strong>J.M. Kovacs<\/strong> (2014) Separating crop species in northeastern Ontario using hyperspectral data. <span style=\"text-decoration: underline\">Remote Sensing<\/span> 6: 925-945. (doi:10.3390\/rs6020925)<\/p>\n<p class=\"vv_hanging_indent_noclear\">Flores-Verdugo, F., <strong>Kovacs, J.M.<\/strong>, Serrano, D. and J. Cid-Becerra (2014). Mangrove<br \/>\nstructure and distribution dynamics in the Gulf of California. In: <span style=\"text-decoration: underline\">Conservation Science in Mexico\u2019s Northwest: Ecosystem Status and Trends in the Gulf of California<\/span>. Wehncke, E.V., Lara-Lara, J.R., Alvarez-Borrego, S., Ezcurra, E. (Eds.), University of California-Riverside &amp; Secretaria de Medio Ambiente y Recoursos Naturales, Mexico City, Mexico, pp. 167-189. (ISBN: 978-1-4951-2222-4)<\/p>\n<p class=\"vv_hanging_indent_noclear\"><strong>Kovacs, J.M.<\/strong>, Lu, X.X., Flores-Verdugo, F., Zhang, C., Flores-de-Santiago*, F. and X. Jiao (2013) Applications of ALOS PALSAR for monitoring biophysical parameters of a degraded black mangrove (<em>Avicennia germinans<\/em>) forest. <span style=\"text-decoration: underline\">ISPRS Journal of Photogrammetry and Remote<\/span><span style=\"text-decoration: underline\"> Sensing<\/span> 82: 102-111. (doi:10.1016\/j.isprsjprs.2013.05.004)<\/p>\n<p class=\"vv_hanging_indent_noclear\"><!-- [if gte mso 9]&gt;--><\/p>\n<p class=\"MsoNormal vv_hanging_indent_noclear\"><strong>Kovacs, J.M.<\/strong>, Jiao, X., Flores-de-Santiago*, F., Zhang, C., and F. Flores-Verdugo (2013) Assessing relationships between Radarsat-2 C-band and structural parameters of a degraded mangrove forest. <span style=\"text-decoration: underline\">International Journal of Remote Sensing<\/span> 34: 7003-7020.(doi:10.1080\/01431161.2013.813090)<\/p>\n<p class=\"vv_hanging_indent_noclear\">Flores-de-Santiago*, F., <strong>Kovacs, J.M<\/strong>. and F. Flores-Verdugo (2013) The influence of seasonality in estimating mangrove leaf chlorophyll-a content from hyperspectral data.\u00a0 <span style=\"text-decoration: underline\">Wetlands Ecology and Management<\/span> 21: 193-207. (doi:10.1007\/s11273-013-9290-x)<\/p>\n<p class=\"vv_hanging_indent_noclear\">Flores-de-Santiago*, F.,\u00a0<strong>Kovacs, J.M<\/strong>.\u00a0and F. Flores-Verdugo (2013) Assessing the utility of a portable pocket\u00a0instrument for estimating seasonal mangrove leaf chlorophyll contents.\u00a0<span style=\"text-decoration: underline\">Bulletin of Marine Science<\/span> 89: 621-633. (doi:10.5343\/bms.2012.1032)<\/p>\n<p class=\"vv_hanging_indent_noclear\">Zhang, C., <strong>Kovacs, J.M<\/strong>., Wachowiak, M. and F. Flores-Verdugo (2013) Relationship between hyperspectral measurements and mangrove leaf nitrogen concentrations. <span style=\"text-decoration: underline\">Remote Sensing<\/span> 5: 891-908. (doi:10.3390\/rs5020891)<\/p>\n<p class=\"vv_hanging_indent_noclear\">Flores-de-Santiago*, F.,\u00a0<strong>Kovacs, J.M.<\/strong>\u00a0and P. LaFrance (2013) An object-oriented classification method for mapping\u00a0mangroves in Guinea, West Africa, using multipolarized ALOS PALSAR L-band data. <span style=\"text-decoration: underline\">International Journal of\u00a0Remote Sensing<\/span>\u00a034: 563-586. (doi:10.1080\/01431161.2012.715773)<\/p>\n<p class=\"vv_hanging_indent_noclear\">Shang, J., Jiao, X., McNairn, H.,<strong> Kovacs, J.M.<\/strong>, Walters, D., Ma, B., and X. Geng (2013) Tracking phenological development of spring wheat using synthetic aperture radar in northern Ontario, Canada.<span style=\"text-decoration: underline\"> IEEE Proceedings of the 2nd International Conference on Agro-Geoinformatics<\/span>: 517-521. (doi:10.1109\/Agro-Geoinformatics.2013.6621975)<\/p>\n<p class=\"vv_hanging_indent_noclear\">Zhang, C. and\u00a0<strong>J.M. Kovacs<\/strong> (2012) The application of small unmanned\u00a0aerial systems for precision\u00a0agriculture:\u00a0A\u00a0review. <span style=\"text-decoration: underline\">Precision Agriculture<\/span>\u00a013: 693-712. (doi:10.1007\/s11119-012-9274-5)<\/p>\n<p class=\"vv_hanging_indent_noclear\">Zhang, C., Liu, Y.,\u00a0<strong>Kovacs, J.M.<\/strong>, Flores-Verdugo, F., Flores-de-Santiago*, F. and\u00a0K. Chen (2012) Spectral response to varying levels of leaf pigments\u00a0collected from a degraded mangrove forest.\u00a0<span style=\"text-decoration: underline\">Journal of Applied Remote Sensing<\/span>\u00a06 (063501):\u00a01-14 (doi:10.1117\/1.JRS.6.063501)<\/p>\n<p class=\"vv_hanging_indent_noclear\">Flores-de-Santiago*, F.,\u00a0<strong>Kovacs, J.M.<\/strong>\u00a0and F. Flores-Verdugo (2012)\u00a0Seasonal changes in leaf Chlorophyll-a content and\u00a0morphology in a sub-tropical mangrove forest of the Mexican Pacific. <span style=\"text-decoration: underline\">Marine Ecology Progress Series<\/span>\u00a0444: 57-68.\u00a0(doi:10.3354\/meps09474)<\/p>\n<p class=\"vv_hanging_indent_noclear\"><strong>Kovacs, J. M.<\/strong>\u00a0Liu, Y., Zhang, C., Flores-Verdugo, F., and F. Flores-de-Santiago* (2011) A field based\u00a0statistical approach for\u00a0validating a remotely sensed mangrove forest classification scheme.\u00a0<span style=\"text-decoration: underline\">Wetlands Ecology and\u00a0Management <\/span>19:409-421. (doi:10.1007\/s11273-011-9225-3)<\/p>\n<p class=\"vv_hanging_indent_noclear\">Roc\u00edo-Hern\u00e1ndez, M., Flores-Verdugo, F.,\u00a0<strong>Kovacs, J.M.<\/strong>\u00a0and F. Abarca (2011) Manglares. In:\u00a0<span style=\"text-decoration: underline\">Ambiente, Biolog\u00eda, Sociedad,\u00a0Manejo y Legislaci\u00f3n de Sistemas Costeros Mexicanos<\/span>,\u00a0G. de la Lanza-Espino and S. Hernandez-Pulido (Eds.), Plaza Y Valdes Editores, Mexico, pp. 305-325.<\/p>\n<p class=\"vv_hanging_indent_noclear\">Lu, X.X.,\u00a0<strong>Kovacs, J. M.<\/strong>, Zhang, C., Lafrance, P. and F. Flores-de-Santiago* (2011) Applications of ALOS PALSAR data for mangrove monitoring and mapping: Examples from Mexico &amp; Africa.\u00a0<span style=\"text-decoration: underline\">Report PI No 423<\/span>\u00a0Japan Aerospace &amp; Exploration Agency (6 pgs)<\/p>\n<p class=\"vv_hanging_indent_noclear\"><strong>Kovacs, J. M.<\/strong>, Flores-de-Santiago*, F., Bastien, J. and P. Lafrance (2010) An assessment of mangroves in Guinea, West Africa, using a field and remote sensing based approach.\u00a0<span style=\"text-decoration: underline\">Wetlands<\/span>\u00a030: 773-782.\u00a0(doi:10.1007\/s13157-010-0065-3)<\/p>\n<p class=\"vv_hanging_indent_noclear\"><strong>Kovacs, J. M.<\/strong>, King, J. M. L., Flores-de-Santiago*, F. and F. Flores-Verdugo (2009) Evaluating the condition\u00a0of a mangrove forest of the Mexican Pacific based on an estimated leaf area index mapping approach. <span style=\"text-decoration: underline\">Environmental Monitoring and Assessment\u00a0<\/span>157: 137-149.\u00a0(doi:10.1007\/s10661-008-0523-z)<\/p>\n<p class=\"vv_hanging_indent_noclear\"><strong>Kovacs, J. M.<\/strong>, Zhang, C., and F. Flores-Verdugo (2008) Mapping the condition of mangroves of the Mexican Pacific using C-band ENVISAT ASAR and Landsat optical data.\u00a0<span style=\"text-decoration: underline\">Ciencias Marinas<\/span>\u00a034: 407-418.<\/p>\n<p class=\"vv_hanging_indent_noclear\">Walters, B. B., Ronnback, P.,\u00a0<strong>Kovacs, J. M.<\/strong>, Crona, B., Hussain, A., Badola, R., Primavera, J., Barbier, E. and F. Dahdouh-Guebas (2008)\u00a0Ethnobiology, socio-economics and management of mangroves: A review.\u00a0<span style=\"text-decoration: underline\">Aquatic Botany<\/span>\u00a089: 220-236. (doi:10.1016\/j.aquabot.2008.02.009)<\/p>\n<p class=\"vv_hanging_indent_noclear\"><strong>Kovacs, J. M.<\/strong>, Vandenberg*, C. V., Wang, J. and F. Flores-Verdugo (2008) The use of\u00a0multipolarized spaceborne SAR backscatter for monitoring the health of a\u00a0degraded mangrove forest.\u00a0<span style=\"text-decoration: underline\">Journal of Coastal Research<\/span>\u00a024: 248-254. (doi:10.2112\/06-0660.1)<\/p>\n<p class=\"vv_hanging_indent_noclear\">Chen, K., Kennedy, J.\u00a0<strong>Kovacs, J. M.<\/strong>\u00a0and C. Zhang (2007) A spatial perspective for\u00a0predicting enrolment\u00a0in a regional pharmacy school.\u00a0<span style=\"text-decoration: underline\">GeoJournal<\/span>\u00a070: 133-143. (doi:10.1007\/s10708-008-9120-5)<\/p>\n<p class=\"vv_hanging_indent_noclear\">Flores de Santiago*, F. J., Santamar\u00eda-del-\u00c1ngel, E., Gonz\u00e1lez-Silvera, A., Mart\u00ednez-D\u00edaz-de-Le\u00f3n, A., Mill\u00e1n-N\u00fa\u00f1ez, R., and <strong>J. M. Kovacs<\/strong>\u00a0(2007)\u00a0Assessing dynamic micro-regions in the Great Islands of the Gulf of California based on MODIS aqua imagery products.\u00a0<span style=\"text-decoration: underline\">Proceedings of the Society of Photo-Optical Instrumentation Engineers<\/span>\u00a0Vol. 6680 (doi:10.1117\/12.732574)<\/p>\n<p class=\"vv_hanging_indent_noclear\"><strong>Kovacs, J. M.<\/strong>\u00a0and X.X. Lu (2007) Assessing forest change associated with sediment modifications for large\u00a0tropical estuaries using ALOS PALSAR data.\u00a0Proc. 1st Joint PI Symposium of ALOS Data Nodes for ALOS Science Program, Japan Aerospace &amp; Exploration Agency (4 pgs.)<\/p>\n<p class=\"vv_hanging_indent_noclear\"><strong>Kovacs, J. M.<\/strong>, Vandenberg*, C. V. and F. Flores-Verdugo (2006) Assessing fine beam RADARSAT-1 backscatter from a white\u00a0mangrove (Laguncularia racemosa\u00a0(Gaertner)) canopy.\u00a0<span style=\"text-decoration: underline\">Wetlands Ecology and Management<\/span>\u00a014: 401-408. (doi:10.1007\/s11273-005-6237-x)<\/p>\n<p class=\"vv_hanging_indent_noclear\">Flores-Verdugo, F., Benitez-Pardo, D., Agraz-Hernandez, C. and\u00a0<strong>J. M.\u00a0Kovacs<\/strong>\u00a0(2006)\u00a0Manejo, conservacion y restauracion de ecosistemas de manglar. In:\u00a0<span style=\"text-decoration: underline\">Atlas del Manejo y\u00a0Conservacion de la\u00a0Biodiversidad y Ecosystemas de Sinaloa<\/span>. Cifuentes-Lemus, J. L., Gaxiola Lopez, J. (Eds.)El Colegio de Sinaloa, Sinaloa, Mexico, pp. 11-19.<\/p>\n<p class=\"vv_hanging_indent_noclear\"><strong>Kovacs, J. M.<\/strong>, Wang, J. and F. Flores-Verdugo (2005)\u00a0Mapping mangrove leaf area index at the species level using IKONOS and LAI-2000 sensors for the Agua Brava Lagoon, Mexican Pacific.\u00a0<span style=\"text-decoration: underline\">Estuarine, Coastal and Shelf Science<\/span>\u00a062: 377-384. (doi:10.1016\/j.ecss.2004.09.027)<\/p>\n<p class=\"vv_hanging_indent_noclear\"><strong>Kovacs, J. M.<\/strong>, Vandenberg*, C. V. and J. Wang (2005) SAR backscatter from a degraded white mangrove forest using multipolarization ENVISAT data.\u00a0Proc. 26<sup>th<\/sup>\u00a0Canadian Symp. Remote Sensing,\u00a0Canadian Aeronautics and Space Institute (4 pgs.)<\/p>\n<p class=\"vv_hanging_indent_noclear\"><strong>Kovacs, J. M.<\/strong>, Malczewski, J. and F. Flores-Verdugo (2004)\u00a0Examining local ecological knowledge of hurricane impacts in a mangrove forest using an Analytical Hierarchy Process (AHP) approach.\u00a0<span style=\"text-decoration: underline\">Journal of Coastal Research<\/span>\u00a020: 792-800. (doi:10.2112\/1551-5036(2004)20[792:ELEKOH]2.0.CO;2)<\/p>\n<p class=\"vv_hanging_indent_noclear\"><strong>Kovacs, J. M.<\/strong>, Flores-Verdugo, F., Wang, J. and L. P. Aspden* (2004)\u00a0Estimating leaf area index of a degraded mangrove Forest\u00a0using high spatial resolution satellite\u00a0imagery.\u00a0<span style=\"text-decoration: underline\">Aquatic Botany<\/span>\u00a080: 13-22. (doi:10.1016\/j.aquabot.2004.06.001)<\/p>\n<p class=\"vv_hanging_indent_noclear\"><strong>Kovacs, J. M.<\/strong>, Aspden*, L. P., Vandenberg*, C. and T. A. Archer* (2003) Combined use of the LAI-2000 Plant Canopy Analyzer and IKONOS Imagery for mapping Leaf Area Index of white mangrove.\u00a0Proc. 25th Canadian Symp. Remote Sensing,\u00a0Canadian Aeronautics and Space Institute (4 pgs.)<\/p>\n<p class=\"vv_hanging_indent_noclear\">Archer*, T. A.,\u00a0<strong>Kovacs, J. M.<\/strong>\u00a0and L. P. Aspden* (2003) Monitoring the decline of a tropical forested wetland of the Teacapan estuarine system, Mexico.\u00a0Proc. 25th Canadian Symp. Remote Sensing,\u00a0Canadian Aeronautics and Space Institute (5 pgs.)<\/p>\n<p class=\"vv_hanging_indent_noclear\">May*, D., Wang, J.,\u00a0<strong>Kovacs, J. M.<\/strong>\u00a0and M. Muter (2003) Mapping wetland extent using IKONOS Satellite Imagery of the O&#8217;Donnell Point Region, Georgian Bay, Ontario.\u00a0Proc. 25th Canadian Symp.Remote Sensing,\u00a0Canadian Aeronautics and Space Institute (9 pgs.)<\/p>\n<p class=\"vv_hanging_indent_noclear\"><strong>Kovacs, J. M.<\/strong>, Wang, J. and M. Blanco-Correa (2001) Mapping mangrove disturbances using multi-date Landsat TM imagery.\u00a0<span style=\"text-decoration: underline\">Environmental Management<\/span>\u00a027: 763-776. (doi:10.1007\/s002670010186)<\/p>\n<p class=\"vv_hanging_indent_noclear\"><strong>Kovacs, J. M.<\/strong>, Blanco-Correa, M. and F. Flores-Verdugo (2001) A logistic regression model of hurricane impacts in a mangrove forest of the Mexican Pacific.\u00a0<span style=\"text-decoration: underline\">Journal of Coastal\u00a0Research<\/span>\u00a017: 30-37.<\/p>\n<p class=\"vv_hanging_indent_noclear\"><strong>Kovacs, J. M.<\/strong>\u00a0(2000) Perceptions of environmental change in a tropical coastal wetland.\u00a0<span style=\"text-decoration: underline\">Land Degradation &amp; Development<\/span> 11: 209-220.\u00a0(doi:10.1002\/1099-145X(200005\/06)11:3&lt;209::AID-LDR378&gt;3.0.CO;2-Y)<\/p>\n<p class=\"vv_hanging_indent_noclear\"><strong>Kovacs, J. M.<\/strong>, Wang, J. and M. Blanco-Correa (2000) Verifying salinity impacts on a tropical forested wetland.\u00a0Proc. 22nd Canadian Symp. Remote Sensing, Canadian Aeronautics and Space Institute (6 pgs.)<\/p>\n<p class=\"vv_hanging_indent_noclear\"><strong>Kovacs, J. M.<\/strong>\u00a0(1999) Assessing mangrove use at the local scale.\u00a0<span style=\"text-decoration: underline\">Landscape and Urban\u00a0Planning<\/span>\u00a043: 201-208. (doi:10.1016\/S0169-2046(98)00106-6)<\/p>\n","protected":false},"excerpt":{"rendered":"<p>* = indicates a former student Donga, T., Shang, J., Liu, J., Qian, B., Jing, Q., Ma, B., Huffman, T., Geng, X., Sow, A. A., Shi, Y., Canisius, F., Jiao, X., Kovacs, J.M., Walters, D., Cable, J. and J. Wilson. &hellip; <a href=\"https:\/\/faculty.nipissingu.ca\/johnmk\/publications\/\">Continue reading <span class=\"meta-nav\">&rarr;<\/span><\/a><\/p>\n","protected":false},"author":1,"featured_media":0,"parent":0,"menu_order":0,"comment_status":"closed","ping_status":"open","template":"","meta":{"_themeisle_gutenberg_block_has_review":false,"footnotes":""},"class_list":["post-14","page","type-page","status-publish","hentry"],"aioseo_notices":[],"_links":{"self":[{"href":"https:\/\/faculty.nipissingu.ca\/johnmk\/wp-json\/wp\/v2\/pages\/14","targetHints":{"allow":["GET"]}}],"collection":[{"href":"https:\/\/faculty.nipissingu.ca\/johnmk\/wp-json\/wp\/v2\/pages"}],"about":[{"href":"https:\/\/faculty.nipissingu.ca\/johnmk\/wp-json\/wp\/v2\/types\/page"}],"author":[{"embeddable":true,"href":"https:\/\/faculty.nipissingu.ca\/johnmk\/wp-json\/wp\/v2\/users\/1"}],"replies":[{"embeddable":true,"href":"https:\/\/faculty.nipissingu.ca\/johnmk\/wp-json\/wp\/v2\/comments?post=14"}],"version-history":[{"count":17,"href":"https:\/\/faculty.nipissingu.ca\/johnmk\/wp-json\/wp\/v2\/pages\/14\/revisions"}],"predecessor-version":[{"id":256,"href":"https:\/\/faculty.nipissingu.ca\/johnmk\/wp-json\/wp\/v2\/pages\/14\/revisions\/256"}],"wp:attachment":[{"href":"https:\/\/faculty.nipissingu.ca\/johnmk\/wp-json\/wp\/v2\/media?parent=14"}],"curies":[{"name":"wp","href":"https:\/\/api.w.org\/{rel}","templated":true}]}}