{"id":33,"date":"2014-07-11T11:40:39","date_gmt":"2014-07-11T15:40:39","guid":{"rendered":"https:\/\/faculty.nipissingu.ca\/trevors\/?page_id=33"},"modified":"2026-03-13T12:07:25","modified_gmt":"2026-03-13T16:07:25","slug":"recent-publications","status":"publish","type":"page","link":"https:\/\/faculty.nipissingu.ca\/trevors\/recent-publications\/","title":{"rendered":"Selected Publications"},"content":{"rendered":"<p><em><strong>Please see Google Scholar for full list of publications.<\/strong><\/em><\/p>\n<p><strong>*update: March 10, 2026<\/strong><\/p>\n<p>-Mathias K-L, Martin L,\u00a0 Alharbi K, <strong>Smith TF<\/strong>, de Almeida Mello J, Hermans K,\u00a0 Vereker N, de Stampa M, Intrator O.\u00a0 A Rapid Review of International Evaluations of interRAI Systems. <em>Healthcare Management Forum<\/em>. 2026, 39(2), 93-100. DOI 10.1177\/08404704251389191.<\/p>\n<p>-Hoffman AM, Hoffman RE, <strong>Smith TF<\/strong>, Brown GP, Hirdes JP. Mental Health Issues of Children and Youth Encountered by Police. Journal of Community Safety and Well-Being, 2024, 9(2), 62\u201372. <a href=\"https:\/\/doi.org\/10.35502\/jcswb.366\">https:\/\/doi.org\/10.35502\/jcswb.366<\/a><\/p>\n<p>-Fries BE, Hirdes JP, Declercq A, Morris JN, Vereker N, Betini RSD, Berg K, Bj\u00f6rkgren M, Costa AP, Finne-Soveri H, Gray L, Head MJ, Heckman G, Howard EP; James ML, Ljunggren G, Martin L, Meehan B, <strong>Smith TF<\/strong>, Stewart SL, Szczerbinska K, Topinkov\u00e1 E. <u>interRAI Self-Reported Carer Needs (SCaN) Assessment Form and User&#8217;s Manual. Version 10.0<\/u> Washington, DC:interRAI, 2023. ISBN: 9781622552214 https:\/\/lirias.kuleuven.be\/4077071?limo=0<\/p>\n<p>-Stewart SL, Theall LA, Morris JN, Berg K, Bj\u00f6rkgren M, Declercq A, Finne-Soveri H, Fries BE, Frijters D, Gray L, Henrard JC, Hirdes JP, James, M., Ljunggren G, Martin L, Meehan B, <strong>Smith TF<\/strong>, Steel K, Szczerbinska K; Topinkov\u00e1 E. <u>interRAI Self-Reported Quality of Life \u2013 Child and Youth Mental Health (QOL-ChYMH) Surveys and User\u2019s Manual<\/u>; interRAI Standard Edition, Version 10.0.0; Washington, DC:interRAI, 2020. ISBN 978-1-62255-169-9.<\/p>\n<p><a href=\"https:\/\/catalog.interrai.org\/content\/interrai-self-reported-quality-life-child-and-youth-mental-health-qol-chymh-surveys-and-users-manual\">https:\/\/catalog.interrai.org\/content\/interrai-self-reported-quality-life-child-and-youth-mental-health-qol-chymh-surveys-and-users-manual<\/a><\/p>\n<p>-Stewart SL, LaRose L, Gleason K, Nicolson R, McKnight M, Knott W, Currie M, Morris JN, Berg K, Bj\u00f6rkgren K, Declercq Anja, Fries BE, Frijters D, Gray L, Head MJ, Henrard JC ,\u00a0 Hirdes JP, Ljunggren G, Meehan B, <strong>Smith TF<\/strong>, Steel K, Szczerbi\u0144ska K, Topinkov\u00e1 E.\u00a0 interRAI Child and Youth Mental Health and Developmental Disability (ChYMH-DD) Assessment Form and User&#8217;s Manual. Version 9.3. 2018. ISBN: 978-1-62255-044-9. Publisher: interRAI; Washington DC.<\/p>\n<p>-Freeman S, <strong>Smith TF<\/strong>, Neufeld E, Fisher K, Ebihara S. The Wish to Die Among Palliative Home Care Clients in Ontario, Canada: A Cross-Sectional Study. <em>BMC Palliative Care<\/em>. 2016, (15)24: 1-11. DOI:10.1186\/s12904-016-0093-8.<\/p>\n<p>&#8211; Freeman S, Hirdes JP, Stolee P, Garcia J, <strong>Smith TF<\/strong>. Correlates and Predictors of Changes in Dyspnea Symptoms Over Time Among Community-Dwelling Palliative Home Care Clients, Journal of Pain and Symptom Management, 2015, DOI:10.1016\/ j.jpainsymman.2015.06.016.<\/p>\n<p>-Arbeau K, Stewart SL, Jordan P,\u00a0<strong>Smith TF<\/strong>, TheallL, Hirdes JP, Thorsdottir R, &amp; Szczerbinska K. \u201cSocial and Peer Relationships\u00a0CAP\u201d. In S.L. Stewart, L.A. Theall, J.N. Morris, K. Berg, M. Bj\u00f6rkgren, A. Declercq, et al.\u00a0<em>interRAI Child and Youth Mental Health Collaborative Action Plans (CAPs): For Use with the Child and Youth Mental Health Assessment Instrument. Version 9.3.<\/em> Washington, DC: interRAI,\u00a0Published by Open Book Systems, 2015. \u00a0ISBN 978-1-62255-027-2.<\/p>\n<p>-Freeman S, Hirdes JP, Stolee P, Garcia J,\u00a0 <strong>Smith TF<\/strong>, Steel K, Morris J. \u00a0Care Planning \u00a0 Needs of Ontario Palliative Home Care Clients Based on the interRAI Palliative Care\u00a0 \u00a0 \u00a0 (interRAI PC) Assessment Clinical Assessment Protocols (CAPs). BMC Palliative Care, 2014, 13:58 DOI:10.1186\/1472-684X-13-58.<\/p>\n<p>-Fisher K, Seow H, Brazil K, <strong>Smith TF<\/strong>, Guthrie DM. \u00a0Dimensionality, Reliability and Validity of the InterRAI Depression Rating Scale in a Canadian Palliative Care Population. Social Indicators Research, 2014, <strong><strong>\u00a0<\/strong><\/strong>DOI:10.1007\/s11205-014-0685-8.<\/p>\n<p>-Fisher K, Seow H, Brazil K, Freeman S, <strong>Smith TF<\/strong>, Guthrie DM. Prevalence and Risk\u00a0Factors of Depressive Symptoms in a Canadian Palliative Home Care Population: A\u00a0Cross-Sectional Study. BMC Palliative Care, 2014, 13:10. DOI:10.1186\/1472-684X-13-10.<\/p>\n<p>-Steel K, <strong>Smith TF<\/strong>, Morris JN, Freeman S, Hirdes JP, Curtin-Telegdi N, Berg K, Bj\u00f6rkgren M, Declercq A, Finne-Soveri H, Fries BE, Frijters D, Gray L, Henrard J-C, Ljunggren G, Szczerbi\u0144ska K, Topinkov\u00e1 E.<em> interRAI Palliative Care Clinical Assessment Protocols (CAPs): \u00a0For Use with the Palliative Care Assessment Instrument. Version 9.1.<\/em> Washington, DC: interRAI, Published by Open Book Systems, 2013<strong>.\u00a0<\/strong>ISBN 978-1-62255-009-8.<\/p>\n<p>-Rabinowitz T, Hirdes JP, Curtin-Telegdi N, Martin L, <strong>Smith TF<\/strong>.<em> interRAI Emergency Screener for Psychiatry (ESP) Assessment Form and User\u2019s Manual. Version 9.1.<\/em> Washington, DC: interRAI, Published by Open Book Systems, 2013<strong>.<\/strong><\/p>\n<p>-Brink P, Stones M, <strong>Smith TF<strong>.<\/strong><\/strong> A Brief Report: Confirmatory Factor Analysis of the Burden Interview of the Caregivers of Terminally Ill Home Care Clients. Journal of Palliative Medicine, 2012, 9, 967-970.<\/p>\n<p>-Hirdes JP, Freeman S, <strong>Smith TF<\/strong>, Stolee P<strong><strong>.\u00a0 <\/strong><\/strong>Predictors of Caregiver Distress among\u00a0Palliative Home Care Clients in Ontario: Evidence based on the interRAI Palliative Care\u00a0(interRAI PC). Palliative and Supportive Care, 2012, 10, 155-163. DOI:10.1017\/S1478951511000824.<\/p>\n<p>&#8211;<strong>Smith TF<\/strong>, Steel K, Fries BE, Morris JN, Belleville-Taylor P, Curtin-Telegdi N, Frijters D, Hirdes JP, Ljunggren G, Murphy KM, Nonemaker S, Rabinowitz T, Ribbe M, Topinkova E, Berg K, Bj\u00f6rkgren M, Declercq A, Finne-Soveri H, Gilgen R, Gray L, Hawes C, Henrard J-C, Szczerbi\u0144ska K.<em> interRAI Palliative Care (PC) Assessment Form and User\u2019s Manual. Version 9.1.<\/em> Washington, DC: interRAI, Published by Open Book Systems, 2010. ISBN 978-1-936065-28-8. \u00a0 \u00a0 \u00a0 \u00a0 \u00a0 \u00a0\u00a0<a href=\"http:\/\/catalog.interrai.org\/catalog\/10\/interraipalliativecarepcassessmentsystem\">http:\/\/catalog.interrai.org\/catalog\/10\/interraipalliativecarepcassessmentsystem<\/a><\/p>\n<p>-Hirdes JP, Curtin-Telegdi N, Rabinowitz T, Fries BE, Morris JN, Ikegami N, Yamaguchi K, <strong>Smith TF<\/strong>, Perez E, Martin L.\u00a0<em> interRAI Community Mental Health (CMH) Assessment Form and User\u2019s Manual. Version 9.2<\/em>. \u00a0Washington, DC: interRAI, Published by Open Book Systems, 2010. ISBN 978-1-936065-33-2 \u00a0 \u00a0 \u00a0 \u00a0<strong> \u00a0 \u00a0 \u00a0 \u00a0 \u00a0 \u00a0 \u00a0 \u00a0 \u00a0 \u00a0 \u00a0 \u00a0 \u00a0 \u00a0\u00a0<\/strong><a href=\"http:\/\/catalog.interrai.org\/CMH-community-mental-health-manual\">http:\/\/catalog.interrai.org\/CMH-community-mental-health-manual<\/a><\/p>\n<p>-Feng Z, Hirdes JP, <strong>Smith TF<\/strong>, Finne-Soveri H, Chi I, DuPasquier JN, Gilgen R, Ikegami N, Mor V.\u00a0 Use of physical restraints and antipsychotic medications in nursing homes: a cross national study. International Journal of Geriatric Psychiatry. 2009, 24, 1-9.<\/p>\n<p>&#8211;<strong>Smith TF<\/strong>, and Hirdes JP. Predicting social isolation among psychogeriatric patients. International Psychogeriatrics. 2009, 21, 50-59.<\/p>\n<p>-Brink P, <strong>Smith TF<\/strong>. Determinants of home death in palliative home care: using the interRAI Palliative Care to Assess End-of-Life Care. \u00a0American Journal of Hospice and\u00a0 Palliative Medicine. 2008, 25, 263-270.<\/p>\n<p>-Brink P, <strong>Smith TF<\/strong>, Kitson M. \u00a0Determinants of Do-Not-Resuscitate Orders in palliative home care. \u00a0Journal of Palliative Medicine. 2008, 11, 226-232.<\/p>\n<p>-Martin L, Hirdes JP, Fries BE, <strong>Smith TF<\/strong>. Development and psychometric properties of an assessment for persons with ID, the interRAI ID. Journal of Policy and Practice in Intellectual Disabilities. 2007, 4, 23-29.<\/p>\n<p>-Brink P, <strong>Smith TF<\/strong>, Linkewich B. Risk of developing pressure ulcers among palliative home care clients. Journal of Palliative Medicine. 2006, 9: 1369-1375.<\/p>\n<p>&#8211;<strong>Smith TF<\/strong>. Standardized Comprehensive Assessment in Palliative Care: the interRAI PC. Stride: Excellence in Long Term Care, 2006, 8, 6-9.<\/p>\n<p>-Gruneir A, <strong>Smith TF<\/strong>, Hirdes JP, Cameron R. Depression in patients with advanced illness: an examination of Ontario Complex Continuing Care Using the Minimum Data Set 2.0. Palliative and Supportive Care, 2005, 3, 99-105.<\/p>\n<p>-Allison KR, Adlaf EM, Irving HM, Rondeau JL, <strong>Smith TF<\/strong>, Dwyer JJ, and Goodman J. Relationship of Vigorous Physical Activity to Psychological Distress Among Adolescents. Journal of Adolescent Health, 2005, 37, 166-168.<\/p>\n<p>-Hirdes JP, <strong>Smith TF<\/strong>, Rabinowitz T, Yamauchi K, Perez E, Telegdi NC, Prendergast P, Morris JN, Ikegami N, Philips C, and Fries BE. The resident assessment instrument-mental health (RAI-MH): Evidence on inter-rater reliability and convergent validity. Journal of Behavioural Health Services and Research, 2002, 29, 419-432.<\/p>\n<p>-Hirdes JP, Marhaba M, <strong>Smith TF<\/strong>, Clyburn L, Mitchell L, Lemick RA, TelegidiNC,Perez E, Rabinowitz T, and Yamauchi K.Development of the resident assessment instrument-mental health (RAI-MH). Hospital Quarterly, 2001, 4, 44-51.<\/p>\n<p>-Eakin JM, Cava M, and <strong>Smith TF<\/strong>. From theory to practice: The challenge of a \u201cdeterminants\u201d approach to workplace health promotion. Health Promotion Practice, 2001, 2, 172-181.<\/p>\n<p>&#8211;<strong>Smith TF<\/strong>. Social support needs among the institutionalized elderly with schizophrenia. Stride: Excellence in Long Term Care, 2000, 12-14.<\/p>\n<p>-Raphael D, <strong>Smith TF<\/strong>, Brown I, Renwick R.\u00a0 Development and properties of the short and brief versions of the Quality of Life Profile: Seniors Version. International Journal of Health Sciences. 1995. 6, 161-168.<\/p>\n<p>-Rogers R , Gillis JR , Turner RE , <strong>Frise-Smith T<\/strong>. The clinical presentation of command hallucinations in a forensic population. The American Journal of Psychiatry. 1990, 147(10):1304-7. doi: 10.1176\/ajp.147.10.1304.<\/p>\n<p>-Canitz B , <strong>Smith T<\/strong> , Boutilier M , Glynn K , Hodgson K , McDonough P , Rondeau K , Thompson L. (1987). Achieving Health for All: a perspective from the field. Canadian Journal of Public Health. 1987, 78(6):416-417.<\/p>\n","protected":false},"excerpt":{"rendered":"<p>Please see Google Scholar for full list of publications. *update: March 10, 2026 -Mathias K-L, Martin L,\u00a0 Alharbi K, Smith TF, de Almeida Mello J, Hermans K,\u00a0 Vereker N, de Stampa M, Intrator O.\u00a0 A Rapid Review of International Evaluations &hellip; <a href=\"https:\/\/faculty.nipissingu.ca\/trevors\/recent-publications\/\">Continue reading <span class=\"meta-nav\">&rarr;<\/span><\/a><\/p>\n","protected":false},"author":477,"featured_media":0,"parent":0,"menu_order":0,"comment_status":"closed","ping_status":"open","template":"","meta":{"_themeisle_gutenberg_block_has_review":false,"footnotes":""},"class_list":["post-33","page","type-page","status-publish","hentry"],"aioseo_notices":[],"_links":{"self":[{"href":"https:\/\/faculty.nipissingu.ca\/trevors\/wp-json\/wp\/v2\/pages\/33","targetHints":{"allow":["GET"]}}],"collection":[{"href":"https:\/\/faculty.nipissingu.ca\/trevors\/wp-json\/wp\/v2\/pages"}],"about":[{"href":"https:\/\/faculty.nipissingu.ca\/trevors\/wp-json\/wp\/v2\/types\/page"}],"author":[{"embeddable":true,"href":"https:\/\/faculty.nipissingu.ca\/trevors\/wp-json\/wp\/v2\/users\/477"}],"replies":[{"embeddable":true,"href":"https:\/\/faculty.nipissingu.ca\/trevors\/wp-json\/wp\/v2\/comments?post=33"}],"version-history":[{"count":19,"href":"https:\/\/faculty.nipissingu.ca\/trevors\/wp-json\/wp\/v2\/pages\/33\/revisions"}],"predecessor-version":[{"id":162,"href":"https:\/\/faculty.nipissingu.ca\/trevors\/wp-json\/wp\/v2\/pages\/33\/revisions\/162"}],"wp:attachment":[{"href":"https:\/\/faculty.nipissingu.ca\/trevors\/wp-json\/wp\/v2\/media?parent=33"}],"curies":[{"name":"wp","href":"https:\/\/api.w.org\/{rel}","templated":true}]}}